 = -3*h - 5*l + 12, 3*h - 4 = 2*h + l. Suppose -h*m + 32 = v, -3*v + 2*m - 13 = -95. What is the tens digit of v?
2
Let b(a) = -4*a**2. Let c be b(1). What is the units digit of 10/((c + 2)*-1)?
5
Let m be 16/(-6)*24/8. Let l = m + 15. What is the units digit of l?
7
Let r be 3/(-2 - (-17)/8). Suppose 23 = n - r. What is the tens digit of n?
4
What is the hundreds digit of ((-57)/(-95))/(2/740)?
2
Suppose 6*l - 110 = -44. What is the units digit of l?
1
Let j = 53 - 37. Suppose -2*l - g = -j, 4 = -2*l + 5*g - g. Suppose 20 = l*w - 2*w. What is the units digit of w?
5
Suppose 225 = -5*d + 675. What is the units digit of d?
0
Let u(l) = -l**3 - 8*l**2 - 1. Let j be u(-7). What is the units digit of 198/10 + 40/j?
9
Suppose 4*b = 29 + 55. What is the tens digit of b?
2
Let c = -5 - 9. What is the units digit of 2/(-7) - 60/c?
4
Let k be ((-16)/(-12))/(8/(-36)). Let y(u) be the second derivative of -u**3/6 + u**2/2 - u. What is the units digit of y(k)?
7
What is the units digit of (-9 + 11)/(2/67)?
7
Suppose 8 = 3*x - 112. What is the tens digit of x?
4
Let i(a) = 2*a**2 - 10*a + 1. Let m be i(6). Suppose 5*c = 3*o + 90, 2*c = -2*o + 65 - m. What is the tens digit of c?
2
Suppose 16 = g - 0*g. Let x = -10 + g. Let s = x + 0. What is the units digit of s?
6
Suppose -173 = -3*q - 5*y, 0 = -0*y - y - 2. Suppose 0 = c + 5*r - 37, 4*r - q = -3*c - r. What is the tens digit of c?
1
Let h(c) = c**2 - 7*c**2 + 2*c**3 + 9 + 9*c - 3*c**3 - c**2. Let l be h(-8). What is the tens digit of (9/6)/(l/12)?
1
Let f be 2/3*(1 + 5). Suppose f*l = 2*l. Suppose -m + 8 = -l*m - 2*r, m + 3*r + 2 = 0. What is the units digit of m?
4
Let i = -10 + 14. Suppose -k + 2*f = -0*f + i, 0 = 3*f - 6. Suppose k*u = -5*u + 70. What is the units digit of u?
4
Suppose 4*m - 17 = -5. Let n(z) = -m*z + 3*z + 8 + z. What is the units digit of n(0)?
8
Suppose 245 - 25 = -5*n. Let q = -10 - n. What is the units digit of q?
4
Let k(l) = -1 - 1 + 3 + l. Let j(w) = 3*w - 2. Let n(y) = 2*j(y) - 4*k(y). What is the units digit of n(8)?
8
What is the units digit of ((-12)/(-4))/(9/141)?
7
Let o(h) = 19*h**2 - 6*h + 1. What is the units digit of o(-1)?
6
Suppose 0 = -3*u - 669 + 1818. What is the units digit of u?
3
Let d(g) = -4*g - 2. Let h be 1 + (1 - -1) - 11. What is the tens digit of d(h)?
3
Suppose 11 = 2*n + 7. Let a = 1 + 0. Let k = n - a. What is the units digit of k?
1
Let l be ((-40)/15)/((-4)/6). What is the units digit of (l/3)/((-2)/(-9))?
6
Let o = 8 - 9. Let t = 9 + o. What is the units digit of t?
8
Suppose 4*y + 4*s = 108, -3*y - 57 = -6*y + 5*s. Suppose -2*c + y = 4. What is the tens digit of c?
1
Suppose 3 = 2*v - 7. Suppose 0*d = -d + v. Suppose 4*w + 101 = 4*o + 25, -2*w + 60 = d*o. What is the units digit of o?
4
Suppose -4*a = -0*a - 280. What is the units digit of a?
0
Let k(o) = 3*o - 3. Let l be k(2). Let y = l - 0. What is the tens digit of (y - 40/2)/(-1)?
1
Suppose -2*p - 5 + 19 = 0. What is the units digit of (-2 - 32/(-14))*p?
2
Let p(l) = -l**2 + 7*l - 9. Let w be p(6). Let m = w + -11. What is the units digit of 36/21 + (-4)/m?
2
Let q(s) = -2*s + 8. Let z be q(3). Suppose 25 = -z*m + 119. What is the tens digit of m?
4
Suppose -2*y - 2 = -6. Suppose -y*z = 2*z + s - 172, 0 = -z + 4*s + 60. What is the units digit of z?
4
Let y = -43 + 57. What is the units digit of y?
4
Let s(a) = 7 + 3*a - 2*a - 4*a. Let w be s(-5). Suppose f + f = w. What is the units digit of f?
1
Let m = 6 - 3. Suppose 2*u = -3*h + 23, 2*u - m*u - 3*h = -4. What is the tens digit of u?
1
Suppose -3*n - 14 = -o, -5*o - 3*n = -5*n - 18. What is the tens digit of -3*((-44)/3 + o)?
3
Suppose -3*p = 4*s + 4, -6 = 5*s - 2*s + 3*p. Suppose s*q = 18 - 0. What is the units digit of q?
9
Let o = -3 - -7. Let v(w) = w**3 - 5*w**2 + 4*w + 1. Let s be v(o). What is the units digit of ((-6)/(-8))/(s/12)?
9
Suppose -y = -4*t + 3, -5*y + 21 = -4*t + 2*t. Let n(f) = t + 15*f**3 - f + 1 + 1 - 3. What is the units digit of n(1)?
5
Let w(r) = -r**2 + 25*r - 43. What is the hundreds digit of w(10)?
1
Let m = -10 - -6. Let i = 4 + m. Suppose -a + 3*a - 4 = i. What is the units digit of a?
2
Let w(q) = -3*q + 9. What is the units digit of w(-5)?
4
Let g(k) = k**3 - 4*k. What is the hundreds digit of g(5)?
1
Let g = -4 + 2. Let x(w) = -w**2 + 3*w + 1. Let o be x(g). Let r = -5 - o. What is the units digit of r?
4
Let n = -9 - 8. Let w = 18 + n. What is the units digit of w?
1
What is the units digit of 4/14 + (-235)/(-35)?
7
Let d = 346 - 187. What is the tens digit of d?
5
Let d be (2/(-4))/(5/(-30)). Suppose -d*o = o - 32. What is the units digit of o?
8
Suppose 0 = 4*f + 27 - 315. What is the tens digit of f?
7
Let n be 12/(-18) + 44/3. Suppose 0*m = -3*m + 3*f + 66, -n = -m + 3*f. What is the units digit of m?
6
Let g(v) = -8*v. Let x be g(-2). Suppose l - x = -3. What is the units digit of l?
3
Let p(j) be the third derivative of j**5/120 - 7*j**4/24 - j**3/3 - 2*j**2. Let v(y) be the first derivative of p(y). What is the units digit of v(8)?
1
Let k be 92/(-7) - 9/(-63). Let n = k - -38. What is the tens digit of n?
2
Let h be (-2 - (-9)/6)*-16. What is the units digit of 1 + h + (-1)/1?
8
Suppose -z + 3 + 30 = 0. What is the tens digit of z?
3
Let g(q) = 2*q**2 - 50*q - 40. What is the tens digit of g(29)?
9
Let q = -245 + 376. What is the hundreds digit of q?
1
Let a = -12 - -2. Let f = a + 14. What is the units digit of f?
4
Let u(h) = 7*h**2 - 6*h. What is the units digit of u(6)?
6
Suppose 0*v + 2*v = 114. What is the units digit of v?
7
Let x = 15 - 5. What is the units digit of (-6)/(-30) + 168/x?
7
Suppose -q - 2*h + 120 = 3*h, -480 = -4*q - 3*h. What is the hundreds digit of q?
1
Let m(x) = x**2 - 3*x + 10. What is the tens digit of m(-6)?
6
Let w be (-2 - -1) + (-3 - 1). Let k = w + -1. What is the units digit of k*(-2 - 3/(-6))?
9
Let x = -4 - -4. Suppose -4*l + 4*o + 16 = -24, x = 5*l - 3*o - 56. What is the tens digit of l?
1
Let c(y) = -y + 2. Let h = 6 - 4. Let n be c(h). What is the units digit of 8/10*(n + 10)?
8
Suppose -9*p + 7*p = -314. What is the tens digit of p?
5
Let s = -44 - -12. Let b = s - -53. What is the tens digit of b?
2
Suppose -3*z + 4*z - 60 = 0. Suppose -4*w = w - z. Let d = w - 8. What is the units digit of d?
4
Let c(n) = 5*n**2 + n**2 - 5*n**2. What is the units digit of c(-2)?
4
Suppose 4*v = -5*t - 8, -2*v - 2*v - t + 8 = 0. Suppose 0 = -0*l + 2*l - 5*j - 14, v*l = -3*j - 21. What is the units digit of ((-2)/l)/(2/42)?
4
Suppose 3*y = 8 + 7. Suppose y*u + 8 = 58. What is the units digit of u?
0
Let q be 5/((-15)/6)*-2. Suppose -3*x - 7 = -3*j - 1, q*x + 6 = 5*j. What is the units digit of x/(-12) + 10/6?
2
Let h(g) = 5*g + 6. What is the units digit of h(6)?
6
Let c = -1 - -5. Let y be c - -1 - 1/(-1). Suppose 2*b = y*b - 40. What is the tens digit of b?
1
Let j(i) = -17*i - 1. What is the units digit of j(-1)?
6
Let w = -1 - -3. Suppose 4*m + 2 = -4*h + 126, h - 4*m = 26. Suppose -n - w*n + h = 0. What is the units digit of n?
0
Let y be (-36)/(-28) - 4/14. What is the tens digit of 13 + (y - (1 + 0))?
1
What is the units digit of 4/(-6)*3 - -129 - 3?
4
Suppose -4*g = -16 - 0. Suppose -3*p - 9 = 5*v, 17 = -5*v - 3*p + g*p. Let c(l) = -l**3 - l**2 - 3. What is the tens digit of c(v)?
1
Suppose 15*i - 11*i = 140. What is the units digit of i?
5
Suppose -2*k - 4*v + 4 = 0, 5*v + 4 = v. Suppose 4*u - 2*u - 3*a - 81 = 0, -5*u + k*a + 192 = 0. What is the units digit of u?
6
Suppose 0 = 3*i - 12 - 15. Let l(j) = 2*j - 11. What is the units digit of l(i)?
7
Let a be -5 - (-2)/4*-2. Let h be 10/3*a/(-2). Suppose -h = -u - 2. What is the units digit of u?
8
What is the hundreds digit of (-2338)/(-12) - 1 - 14/(-84)?
1
Let w be (-155)/(-15) - (-3)/(-9). Suppose 4*t - 2*t = w. What is the units digit of t?
5
Let p(h) = -h - 1. Let g be p(-5). Suppose -g*f = -6*f + 2*m + 20, 0 = -f - 2*m + 10. What is the tens digit of f?
1
Suppose -2*c = 6 - 20. Let j = c + 5. What is the tens digit of j?
1
Let p(i) = 7*i + 4. What is the tens digit of p(4)?
3
Suppose f - b - 146 = -3*f, 0 = -5*b - 10. What is the tens digit of f?
3
Suppose 4*s + 17 = 3*p - 14, -2*p - 6 = 0. Let g = s + 34. What is the tens digit of g?
2
Let b be 4/10 - (-297)/45. What is the tens digit of 4*((-924)/(-16)